base 12, what is 6 + 49a6957?
49a6961
In base 13, what is -5c47 + -11793?
-1770a
In base 12, what is 101152b - 5?
1011526
In base 6, what is 4032433 - 5?
4032424
In base 10, what is 60 - 107755?
-107695
In base 5, what is -111 + -41423314?
-41423430
In base 15, what is 7 - -49dc70e?
49dc716
In base 8, what is 3346027 + 32?
3346061
In base 11, what is 64 + -187604?
-187550
In base 9, what is -1 - -223402203?
223402202
In base 10, what is -12452780 - 12?
-12452792
In base 12, what is -232611b + -4?
-2326123
In base 16, what is 24c + -120bd?
-11e71
In base 12, what is -53880 + -109?
-53989
In base 5, what is -41412 - 3413?
-100330
In base 12, what is 1789 - -1198b8?
11b485
In base 11, what is -80701 - -135?
-80577
In base 2, what is -1010 + -11110011011010110000101?
-11110011011010110001111
In base 2, what is -100 + 1000001100100111101010011?
1000001100100111101001111
In base 16, what is c18ec - 1a?
c18d2
In base 9, what is 3 + -461437?
-461434
In base 4, what is -2302100123 + 100002?
-2302000121
In base 8, what is -6 - -10364564?
10364556
In base 10, what is -1110947015 + 1?
-1110947014
In base 8, what is 172 + -371415?
-371223
In base 8, what is -1356547403 + 5?
-1356547376
In base 2, what is -111 + 1011101001111?
1011101001000
In base 11, what is -962 + 269999?
269037
In base 9, what is 2 + -2348662?
-2348660
In base 15, what is -4 + -2c13c1?
-2c13c5
In base 8, what is 100 + -174251?
-174151
In base 14, what is 824 + 2314b?
23971
In base 15, what is a7e7d50 + -5?
a7e7d4a
In base 9, what is 138130273 + -3?
138130270
In base 6, what is -34 - -4410245?
4410211
In base 2, what is -10100011 + 1000100000011111?
1000011101111100
In base 11, what is -350a0 + 0?
-350a0
In base 16, what is 19f08 - d57?
191b1
In base 14, what is -21 + 18a019?
189dd8
In base 6, what is 32 - -24530240?
24530312
In base 11, what is -94166 - 384?
-9453a
In base 14, what is 27 - 39848?
-39821
In base 13, what is 188 - 296a4?
-29519
In base 12, what is 0 - -5a4204?
5a4204
In base 6, what is -213543501 - 2?
-213543503
In base 6, what is -22 + 3321515?
3321453
In base 7, what is 34541 - -503?
35344
In base 11, what is 0 + 8a6057?
8a6057
In base 4, what is -110200111201 + -33?
-110200111300
In base 6, what is -514411515 + -4?
-514411523
In base 15, what is 12d8964 + -7?
12d895c
In base 15, what is e25 + 689e?
77c4
In base 16, what is -7 - 1662000?
-1662007
In base 11, what is 8873011 + 2?
8873013
In base 7, what is -1405 - 146514?
-151222
In base 16, what is 106 - 6ceb?
-6be5
In base 3, what is 0 + -122202212220000101?
-122202212220000101
In base 10, what is -7 - -3420055?
3420048
In base 9, what is 865068413 - -5?
865068418
In base 9, what is 3 + 127850411?
127850414
In base 2, what is 10010100001000101101001000 + -11?
10010100001000101101000101
In base 12, what is -39 + -8a165?
-8a1a2
In base 2, what is -111110110001001011 - -10?
-111110110001001001
In base 4, what is -2311 - -2112213?
2103302
In base 8, what is -61 + 1433305?
1433224
In base 7, what is 4355 + -432412?
-425024
In base 6, what is -4440255 - 3445?
-4444144
In base 14, what is -216951c5 - -4?
-216951c1
In base 6, what is 132404033503 - 5?
132404033454
In base 5, what is -10 - 212233122?
-212233132
In base 6, what is 50 - 5510044555?
-5510044505
In base 11, what is -2 + -8aa569?
-8aa570
In base 11, what is -2 - -10780a01?
107809aa
In base 2, what is 100010000111100111111010 - -1011110?
100010000111101001011000
In base 16, what is -8326377 - 0?
-8326377
In base 7, what is -20466 - 5230?
-26026
In base 10, what is -4509899 - -2?
-4509897
In base 5, what is -224021 - -343?
-223123
In base 6, what is 304544 + -111?
304433
In base 3, what is 12210202 - -220?
12211122
In base 14, what is -13c + 2d5c0?
2d482
In base 11, what is -460 + -8807?
-9167
In base 7, what is 25 - 332506555?
-332506530
In base 12, what is 7293 - -631a?
115b1
In base 2, what is -1001000 + -111110101000100101?
-111110101001101101
In base 9, what is -784 - 3168?
-4063
In base 2, what is -100111101110001111010011 + -101?
-100111101110001111011000
In base 3, what is -1221010020 + -111222?
-1221122012
In base 3, what is -10 - 212110011211020?
-212110011211100
In base 8, what is -22 - -427754?
427732
In base 13, what is 28aa34 + 2?
28aa36
In base 15, what is 136 - -2ee28?
3005e
In base 12, what is -2 - -15553421?
1555341b
In base 6, what is -30233125 + 1?
-30233124
In base 11, what is -556a3 - 782?
-56375
In base 7, what is -1041 + -1624021?
-1625062
In base 11, what is 5356a80 + 4?
5356a84
In base 5, what is -200 - 34444010?
-34444210
In base 4, what is -30 + -2201213101?
-2201213131
In base 6, what is 2103 + -22400413?
-22354310
In base 16, what is 2818 - 506?
2312
In base 12, what is 2 + -1376558?
-1376556
In base 2, what is -10011010111110 - -1010101?
-10011001101001
In base 2, what is -100101001001100111 + 100110100?
-100101000100110011
In base 7, what is 45405 + -252?
45123
In base 12, what is -235468b2 + 5?
-235468a9
In base 4, what is 32112031213 + 222?
32112032101
In base 3, what is -111102122201 - 21110?
-111102221011
In base 4, what is -2012231320 + 122?
-2012231132
In base 6, what is 2444 + -10535311?
-10532423
In base 8, what is 13517 + 426?
14145
In base 7, what is -15600 + 215136?
166236
In base 4, what is 1 + 2102223000021?
2102223000022
In base 7, what is 1665 + 6656240?
6661235
In base 8, what is 470033 - 164?
467647
In base 9, what is -4 - -6442345?
6442341
In base 13, what is 1964 + 501?
2165
In base 6, what is -10313240 + 4?
-10313232
In base 9, what is -407 + 272048?
271541
In base 6, what is 4 + -115405133?
-115405125
In base 13, what is -3ba + 1836?
1449
In base 9, what is -163 - 11466364?
-11466537
In base 3, what is -110022102 - -22111121110?
22001022001
In base 10, what is 10082183 - 19?
10082164
In base 6, what is -5055 - 4034?
-13133
In base 5, what is -32312204133 - 4?
-32312204142
In base 11, what is 2 + -6632508?
-6632506
In base 2, what is 1010101111100110 - 10001010001110?
1000100101011000
In base 11, what is -2 + 633178?
633176
In base 8, what is 11366117 - 2?
11366115
In base 8, what is -231655677 - -6?
-231655671
In base 2, what is -101011011000110111110 + 10111010?
-101011011000100000100
In base 9, what is 6 + -22675246?
-22675240
In base 6, what is 241543 - -505?
242452
In base 9, what is -545043 + -270?
-545323
In base 9, what is 25 - -743477?
743513
In base 12, what is -2988 - 4b3?
-327b
In base 13, what is -92 - -370bc?
3702a
In base 7, what is -30354 - -1521?
-25533
In base 8, what is 1051661 - 114?
1051545
In base 8, what is 5 + 106263140?
106263145
In base 2, what is 100001 + -10011111101111011010101?
-10011111101111010110100
In base 8, what is -76576732 + -2?
-76576734
In base 5, what is 1032221304 - -3?
1032221312
In base 10, what is 719767 + -115?
719652
In base 15, what is 3c2ca0 + 8?
3c2ca8
In base 11, what is -21703 - -617?
-21097
In base 5, what is 14004123443 + 3?
14004124001
In base 9, what is 1672418 - -362?
1672781
In base 6, what is 230034345 + -5?
230034340
In base 5, what is 31 + 1000322203?
1000322234
In base 11, what is 307720 - -134?
307854
In base 5, what is 2112040130320 + 10?
2112040130330
In base 3, what is 110210102212 - -1022?
110210111011
In base 6, what is 5413531154 - 12?
5413531142
In base 15, what is -11 + 180ec4?
180eb3
In base 16, what is 102f + 1d?
104c
In base 2, what is 111001011100100010010011 + 101?
111001011100100010011000
In base 5, what is 12004314 - 134?
12004130
In base 12, what is 2827465 - 2?
2827463
In base 11, what is 9 + -31887a?
-318871
In base 13, what is -300c + 4c99?
1c8a
In base 5, what is -42412 - 23140?
-121102
In base 2, what is 111010101011 + 10101110100?
1010000011111
In base 9, what is -280617 - 3253?
-283871
In base 9, what is 475153281 - 5?
475153275
In base 8, what is 424 - 70133?
-67507
In base 16, what is 171e - 2c1c?
-14fe
In base 9, what is 323 + 126565?
126888
In base 13, what is -1738507 + 19?
-17384bb
In base 3, what is 11 - -10221200222112?
10221200222200
In base 15, what is -2 - d086c3?
-d086c5
In base 4, what is -122111010 + -2113?
-122113123
In base 16, what is 1a9 - -1debf?
1e068
In base 5, what is -1310334 + 1201422?
-103412
In base 12, what is -17a9a6 - 6?
-17a9b0
In base 15, what is 1d - -554c09?
554c27
In base 5, what is 410 - -2210